it of 953?
3
What is the units digit of 3849?
9
What is the thousands digit of 3560?
3
What is the units digit of 11954?
4
What is the thousands digit of 26031?
6
What is the units digit of 6769?
9
What is the ten thousands digit of 10897?
1
What is the thousands digit of 54661?
4
What is the tens digit of 1518?
1
What is the thousands digit of 70934?
0
What is the hundreds digit of 20260?
2
What is the tens digit of 18390?
9
What is the ten thousands digit of 43044?
4
What is the units digit of 17662?
2
What is the tens digit of 3342?
4
What is the tens digit of 4479?
7
What is the tens digit of 406?
0
What is the units digit of 27094?
4
What is the tens digit of 129053?
5
What is the units digit of 490?
0
What is the ten thousands digit of 101288?
0
What is the tens digit of 398?
9
What is the thousands digit of 2691?
2
What is the units digit of 568?
8
What is the tens digit of 4529?
2
What is the hundreds digit of 7277?
2
What is the units digit of 11551?
1
What is the hundreds digit of 409?
4
What is the units digit of 4110?
0
What is the tens digit of 19758?
5
What is the units digit of 919?
9
What is the thousands digit of 2022?
2
What is the thousands digit of 3925?
3
What is the thousands digit of 1601?
1
What is the tens digit of 2505?
0
What is the units digit of 1875?
5
What is the tens digit of 6731?
3
What is the tens digit of 7072?
7
What is the ten thousands digit of 20110?
2
What is the units digit of 3172?
2
What is the thousands digit of 4242?
4
What is the hundreds digit of 512?
5
What is the units digit of 17377?
7
What is the thousands digit of 4771?
4
What is the hundreds digit of 17309?
3
What is the units digit of 65487?
7
What is the hundreds digit of 5755?
7
What is the units digit of 98800?
0
What is the units digit of 3216?
6
What is the tens digit of 8424?
2
What is the units digit of 11372?
2
What is the tens digit of 1754?
5
What is the thousands digit of 31738?
1
What is the tens digit of 1385?
8
What is the hundreds digit of 541?
5
What is the hundreds digit of 20057?
0
What is the hundreds digit of 2341?
3
What is the thousands digit of 148673?
8
What is the thousands digit of 105778?
5
What is the tens digit of 6694?
9
What is the hundreds digit of 1442?
4
What is the thousands digit of 7477?
7
What is the hundreds digit of 868?
8
What is the tens digit of 611?
1
What is the hundreds digit of 27143?
1
What is the units digit of 10367?
7
What is the tens digit of 13471?
7
What is the units digit of 7184?
4
What is the thousands digit of 173645?
3
What is the thousands digit of 8436?
8
What is the tens digit of 1710?
1
What is the tens digit of 86294?
9
What is the tens digit of 6832?
3
What is the hundreds digit of 5047?
0
What is the ten thousands digit of 75853?
7
What is the units digit of 117158?
8
What is the tens digit of 1387?
8
What is the tens digit of 611?
1
What is the units digit of 329?
9
What is the ten thousands digit of 98357?
9
What is the units digit of 243?
3
What is the units digit of 685?
5
What is the ten thousands digit of 59891?
5
What is the thousands digit of 2293?
2
What is the tens digit of 101?
0
What is the units digit of 7830?
0
What is the thousands digit of 1200?
1
What is the tens digit of 1320?
2
What is the units digit of 134294?
4
What is the hundreds digit of 121188?
1
What is the thousands digit of 208303?
8
What is the units digit of 1511?
1
What is the units digit of 47453?
3
What is the units digit of 1067?
7
What is the hundreds digit of 6915?
9
What is the tens digit of 184?
8
What is the hundreds digit of 49600?
6
What is the units digit of 808?
8
What is the thousands digit of 5805?
5
What is the tens digit of 2201?
0
What is the units digit of 2672?
2
What is the thousands digit of 14077?
4
What is the tens digit of 9654?
5
What is the units digit of 7697?
7
What is the hundreds digit of 1018?
0
What is the thousands digit of 39284?
9
What is the units digit of 381?
1
What is the units digit of 7220?
0
What is the tens digit of 88?
8
What is the hundreds digit of 63883?
8
What is the units digit of 2787?
7
What is the units digit of 83?
3
What is the hundreds digit of 120985?
9
What is the units digit of 12251?
1
What is the hundreds digit of 7053?
0
What is the hundreds digit of 5765?
7
What is the tens digit of 572?
7
What is the tens digit of 21166?
6
What is the thousands digit of 2939?
2
What is the ten thousands digit of 97343?
9
What is the hundreds digit of 4367?
3
What is the units digit of 24318?
8
What is the units digit of 53037?
7
What is the hundreds digit of 3225?
2
What is the hundreds digit of 59476?
4
What is the thousands digit of 12852?
2
What is the hundreds digit of 7832?
8
What is the units digit of 2475?
5
What is the ten thousands digit of 53828?
5
What is the ten thousands digit of 37922?
3
What is the units digit of 1936?
6
What is the hundred thousands digit of 132164?
1
What is the units digit of 63003?
3
What is the tens digit of 337?
3
What is the units digit of 8746?
6
What is the tens digit of 868?
6
What is the hundreds digit of 4454?
4
What is the tens digit of 184?
8
What is the hundreds digit of 3099?
0
What is the ten thousands digit of 20932?
2
What is the tens digit of 2472?
7
What is the tens digit of 1688?
8
What is the thousands digit of 2679?
2
What is the hundred thousands digit of 139048?
1
What is the ten thousands digit of 19105?
1
What is the hundreds digit of 5521?
5
What is the thousands digit of 1720?
1
What is the hundreds digit of 710?
7
What is the thousands digit of 38738?
8
What is the hundreds digit of 28919?
9
What is the tens digit of 11461?
6
What is the hundreds digit of 4534?
5
What is the hundreds digit of 2299?
2
What is the thousands digit of 7103?
7
What is the hundred thousands digit of 163579?
1
What is the tens digit of 8231?
3
What is the units digit of 2449?
9
What is the thousands digit of 4789?
4
What is the hundreds digit of 1703?
7
What is the units digit of 269?
9
What is the units digit of 38991?
1
What is the ten thousands digit of 32650?
3
What is the hundreds digit of 5556?
5
What is the units digit of 663?
3
What is the tens digit of 4615?
1
What is the units digit of 5326?
6
What is the tens digit of 969?
6
What is the ten thousands digit of 21388?
2
What is the tens digit of 3555?
5
What is the tens digit of 378?
7
What is the ten thousands digit of 11365?
1
What is the units digit of 20630?
0
What is the tens digit of 1282?
8
What is the hundreds digit of 98054?
0
What is the tens digit of 2604?
0
What is the ten thousands digit of 23434?
2
What is the thousands digit of 14423?
4
What is the hundreds digit of 2156?
1
What is the tens digit of 3973?
7
What is the hundreds digit of 83118?
1
What is the units digit of 843?
3
What is the tens digit of 83?
8
What is the tens digit of 26162?
6
What is the units digit of 221?
1
What is the units digit of 35795?
5
What is the thousands digit of 3188?
3
What is the thousands digit of 4820?
4
What is the units digit of 1054?
4
What is the tens digit of 529?
2
What is the tens digit of 2308?
0
What is the hundreds digit of 601?
6
What is the tens digit of 3780?
8
What is the hundreds digit of 8810?
8
What is the units digit of 22548?
8
What is the thousands digit of 2486?
2
What is the hundreds digit of 24058?
0
What is the hundreds digit of 35952?
9
What is the hundreds digit of 3997?
9
What is the ten thousands digit of 26422?
2
What is the hundreds digit of 1971?
9
What is the units digit of 9000?
0
What is the hundreds digit of 1603?
6
What is the hundreds digit of 1098?
0
What is the tens digit of 80603?
0
What is the hundreds digit of 4701?
7
What is the hundreds digit of 15772?
7
What is the thousands digit of 33683?
3
What is the thousands digit of 1660?
1
What is the tens digit of 779?
7
What is the ten thousands digit of 22638?
2
What is the thousands digit of 19630?
9
What is the units digit of 4015?
5
What is the tens digit of 1742?
4
What is the units digit of 23297?
7
What is the tens digit of 36?
3
What is the hundreds digit of 1695?
6
What is the hundreds digit of 4385?
3
What is the hundreds digit of 3521?
5
What is the units digit of 667?
7
What is the ten thousands digit of 93311?
9
What is the ten thousands digit of